e prime factors of ((-6)/(-8))/(n/1128)?
3, 47
Let z = -34 + 38. Suppose -7*q + 3604 + 120 = 0. Suppose 0 = z*j - q - 40. List the prime factors of j.
11, 13
Suppose -42 - 48 = -18*w. Suppose -w*x = -3*u + 2547, 4235 = 5*u + 7*x - 12*x. What are the prime factors of u?
2, 211
Suppose 5*w = -5*y + 640, -y + 3 = 4. Let d = w + -115. What are the prime factors of d?
2, 7
Let n = -100 - -105. Suppose 5*g = 4*r - 2165, -n*g = 33*r - 28*r - 2695. What are the prime factors of r?
2, 3, 5
Let k be (24/9)/(((-11)/129)/(-11)). Let g = k + -119. What are the prime factors of g?
3, 5
Let i be ((-18)/30)/((-3)/10)*-9. What are the prime factors of (-25*i/(-45))/(1/(-80))?
2, 5
Suppose 2*z + 3 - 15 = 0. Suppose -4*n = -2*a + z*a - 724, a + 2*n = 182. What are the prime factors of a?
2, 3, 5
Let s be (-5892)/(-16) - 3/(-4). Suppose -105*f = -106*f + s. What are the prime factors of f?
3, 41
Suppose 0 = 11*h - 1158 - 29081. What are the prime factors of h/7 + 4/14?
3, 131
Let r = 79 + -51. Suppose 0 = -k + 21 + r. Let v = k + -22. List the prime factors of v.
3
Suppose -86*r + 45*r + 179981 = -63928. List the prime factors of r.
3, 661
Let u(v) = 299*v - 40. Let k be u(5). Suppose -3*f + 2*h - k = 2*f, 3*h - 1157 = 4*f. Let t = 526 + f. What are the prime factors of t?
233
Let x(k) = 58*k + 33. Suppose -f + 13 = 3*q, 5*q + 4*f - 11 = -1. Let d be x(q). Suppose -d = -7*i + 424. What are the prime factors of i?
5, 23
Let m(r) = -2*r**3 + 12*r**2 + 4*r - 14. Let h be m(8). Let z = 136 - h. What are the prime factors of z?
2, 11, 17
Suppose 0 = 33216*w - 33226*w + 51080. What are the prime factors of w?
2, 1277
Let w(t) = t**3 - 17*t**2 + 28*t + 29. Let y be w(15). What are the prime factors of (22 - -31)*(y - -18) - -5?
2, 3, 151
Let q(i) = 1790*i - 1835. List the prime factors of q(13).
3, 5, 1429
Let s(h) = 6*h**3 + 6*h**2 + 6*h + 1. Let f be s(-1). List the prime factors of (268/4)/(f/(-10)).
2, 67
Let g be (-1)/5 - ((-189385)/(-25))/(-7). Suppose -3*h - 5*s + g = 0, 3*h + 3*s - 978 = 102. List the prime factors of h.
359
Suppose d - 5 + 20 = 3*l, -2*d = -4*l + 18. Suppose -5*c = -3*b - 1511 - 2488, -3*b = -l. What are the prime factors of c?
3, 89
Let d = -1292 - -11282. What are the prime factors of d?
2, 3, 5, 37
Let m be 6 - (-6 - -7) - 30. Let w(o) = 2*o + 142. What are the prime factors of w(m)?
2, 23
Suppose -20444*i = -20429*i - 72645. What are the prime factors of i?
29, 167
Let x = 255 + -123. Suppose 5*h - x = 318. What are the prime factors of h?
2, 3, 5
Suppose b = -4*z + 2 - 1, -1 = z - b. Let t = 8 + -3. Suppose -10 = t*p, 2*p = -z*g + 2*g - 142. What are the prime factors of g?
3, 23
Let y(h) = h**2 - 22*h - 7. Let f be y(-20). Suppose -3*o - 636 = -3*i, -5*i + i = -o - f. Let p = i - -75. What are the prime factors of p?
2, 3, 47
Let p = 2289 - -3922. List the prime factors of p.
6211
Let p be (-5)/((-15)/(-9)) + 23 + 2. Suppose -h - p = 5*f, -2*h - f - 2 = -5*f. Let v(a) = a**2 + 2*a + 42. List the prime factors of v(h).
7, 11
What are the prime factors of (-332035)/(-77) + (27/(-42) - (-3)/6)?
2, 7, 11
Suppose -102 = -r + o, 3*o - 16 - 102 = -r. Suppose r = -2*j - 2*y, -4*j + j - 157 = y. List the prime factors of (1118/j)/(2/(-8)).
2, 43
Let s(b) = -4598*b - 11153. What are the prime factors of s(-6)?
5, 19, 173
Suppose 669893 + 376841 = 13*v. What are the prime factors of v?
2, 127, 317
List the prime factors of (1/(-4)*(-160)/(-24) + -7)*-7863.
2, 13, 2621
Let y(d) = d**3 + 21*d**2 + 43*d - 15. Let i be y(-18). Let t = i + 275. List the prime factors of t.
2, 229
List the prime factors of (0 - (-32)/5)/((-19)/(-6935)).
2, 73
Let z(r) = r**2 + 2*r - 34. Let j = 94 - 83. Let u be z(j). Let g = u - 76. What are the prime factors of g?
3, 11
Let t(x) = x**2 - x. Let f(v) = 4*v**2 + 83*v + 53. Let s(l) = f(l) - 6*t(l). List the prime factors of s(34).
13, 59
Suppose 0 = 30*p - 99*p + 601749. List the prime factors of p.
3, 17, 19
Suppose 0 = 2*l + 5*d - 34123, -4*l - 9*d = -8*d - 68201. List the prime factors of l.
3, 5683
Let z(c) = 7*c**3 + c**2 + 2*c - 1. Let l(w) = -3*w - 22. Let s be l(-8). Suppose 5*t = 4*t + s. What are the prime factors of z(t)?
3, 7
Let b(s) = 31*s**2 + s - 9. Let v be b(7). Suppose v + 217 = 4*d + 2*a, 4*d - 1741 = 5*a. Suppose -3*q + d = 4*q. List the prime factors of q.
2, 31
Let t be -9*5/(-225) - (-65252)/(-10). List the prime factors of (t/36)/5*(-4 - 0).
5, 29
Suppose 0 = 5*q - 388 - 312. Suppose 142*j - q*j - 118 = 0. What are the prime factors of j?
59
Let s = 1542 + -2563. Let n = 2113 + s. What are the prime factors of n?
2, 3, 7, 13
Let z be -12 - -11 - -3*1. Let k(i) = 9*i**3 - i**2 - 3*i. Let g be k(z). Suppose -69*f = -67*f - g. List the prime factors of f.
31
Let d(i) = i**3 + 18*i**2 + 15*i - 4. Suppose -12*g = 285 - 81. Let t be d(g). Let h = 15 + t. List the prime factors of h.
3, 5
Suppose 5*f - 20 = -2*z, z = -2*f + 5 + 2. Let l(j) = -j**2 - 4*j + 4. Let c be l(-4). Suppose f*p = c*p + 72. List the prime factors of p.
2, 3
Let t be (-1 + -270 + 0)/(1 + -2). Let n = 391 - t. Suppose n + 84 = 2*y. List the prime factors of y.
2, 3, 17
Let w(p) = 23*p**2 - 34*p + 67. Let q be w(23). Suppose -37*n + q = -9*n. List the prime factors of n.
409
What are the prime factors of (16/(-24))/((-103298)/(-103302) - 1)?
3, 1913
Suppose 0 = 3*a - 5*m - 39177, 4*a - 13042 = 3*a - 4*m. List the prime factors of a.
2, 61, 107
Let n(m) = -5*m**3 + m**2 - m - 6. Let c be n(-2). What are the prime factors of 554 + (c/(-8) - -5)?
2, 277
Let w(n) be the third derivative of n**6/120 + 7*n**5/30 - n**4/8 - 4*n**3 - 3*n**2. What are the prime factors of w(-10)?
2, 7, 29
Let t(g) = 15*g**2 - 6*g - 15. Let r(s) = -s**3 + 46*s**2 - 17*s - 45. Let i(k) = -4*r(k) + 11*t(k). List the prime factors of i(7).
2, 5, 47
Suppose 44 = -70*n + 74*n. Suppose 0 = 3*l + 4*j + 28, 3*l - j - 3 = -n. Let w = 49 + l. What are the prime factors of w?
3, 5
Suppose 62 = -6*r + 38. Let o(c) = -60*c - 1. Let h(l) = -12*l. Let f(w) = 22*h(w) - 4*o(w). List the prime factors of f(r).
2, 5
Suppose -i = 2 - 1, 0 = -b + 2*i + 22. Suppose 1349 + 14031 = b*x. List the prime factors of x.
769
Let w(p) = 278*p**2 + 51*p - 218. What are the prime factors of w(6)?
2, 631
Suppose 0 = -11584*d + 11568*d + 671680. List the prime factors of d.
2, 5, 2099
Let g(i) = i + 1. Let b(t) = -2*t**2 + 6*t - 14. Let m(q) = -b(q) - 3*g(q). Let h be m(6). Suppose -4*l + 151 = -h. List the prime factors of l.
3, 5
Let i be ((-72)/27)/((-2)/(-384)*2). Let d be -2 + i/(-18) - 12/54. Suppose 5*r - v + 2*v = 474, -3*v = -d. What are the prime factors of r?
2, 47
Suppose 0*b - 4*b + 12 = -3*z, -z = -4*b + 4. List the prime factors of b*(-3)/(-21) - -149.
149
Let r be ((-5457)/(-6))/((-11)/22). What are the prime factors of r/(-4) + (-5)/60*-3?
5, 7, 13
Let v = -442 - -7316. List the prime factors of v.
2, 7, 491
Let q(f) = -17*f**2 + 333 - 392 - 2*f**3 + f**3. What are the prime factors of q(-18)?
5, 53
Suppose -4*h = 4*j + 21141 - 124445, 2*h + 3*j = 51646. List the prime factors of h.
2, 3229
Suppose 24*c - 506949 = -58*c + 91159. What are the prime factors of c?
2, 7, 521
Suppose -17025*j + 17016*j = -437445. What are the prime factors of j?
5, 9721
Let c(h) = 2*h**3 + 23*h**2 - 51*h + 31. What are the prime factors of c(20)?
11, 31, 71
Suppose 0 = -16*u - 37*u + 1742004. Suppose -u = -5*q - 31*q. List the prime factors of q.
11, 83
List the prime factors of 132188/(-3)*(-576)/768.
7, 4721
Let j = 18599 - 8053. List the prime factors of j.
2, 5273
Let a(y) = -y**2 + 18*y - 35. Let b be a(10). Suppose -b*d = -52*d + 2653. List the prime factors of d.
379
Let f = -92 + 97. Suppose -2*y + 0*a = -4*a + 12, f*y - a + 3 = 0. Suppose d + y*h = 2*h + 84, 0 = -3*d + h + 262. What are the prime factors of d?
2, 11
Suppose 19 + 19 = -19*x. Let q(g) = -85*g**3 - 3*g**2 + g. What are the prime factors of q(x)?
2, 3, 37
Suppose -5*l + 29 = -4*l. Let j = -27 + l. Suppose -j*p - 267 = -2*o - p, -675 = -5*o - 5*p. List the prime factors of o.
2, 67
Let i(a) = -32*a**2 + a + 4. Let n be i(-2). Let g = n - -87. Let d = 6 - g. List the prime factors of d.
3, 5
Let g(b) = -b**3 + 39*b**2 + 2*b - 69. What are the prime factors of g(30)?
3, 29, 31
Let r be 85/25 - ((-7)/(-5) + -1). Suppose -3*v -